{"id":2295,"date":"2025-02-12T12:22:27","date_gmt":"2025-02-12T03:22:27","guid":{"rendered":"https:\/\/www.cosmokenzai.jp\/products\/?page_id=2295"},"modified":"2025-02-12T12:38:02","modified_gmt":"2025-02-12T03:38:02","slug":"staron-solid","status":"publish","type":"page","link":"https:\/\/www.cosmokenzai.jp\/products\/staron-solid\/","title":{"rendered":"STARON\u00ae Solid"},"content":{"rendered":"\n<h2 class=\"has-text-align-center\" style=\"font-size:30px\">STARON\u00ae \/ \u30b9\u30bf\u30ed\u30f3\u00ae<\/h2>\n\n\n\n<h3 class=\"has-text-align-center\" style=\"font-size:30px\">Solid<\/h3>\n\n\n\n<p class=\"has-text-align-center\">\u30bd\u30ea\u30c3\u30c9<br>\u30b5\u30a4\u30ba\uff1a\u539a\u3055\u00d7\u9577\u3055\uff08\u5dfe\u306f760\u5171\u901a\uff09mm<br>12\u00d73680<br>12\u00d72500<br>10\u00d73680<\/p>\n\n\n\n<style>.wp-show-posts-columns#wpsp-2256 {margin-left: -2em; }.wp-show-posts-columns#wpsp-2256 .wp-show-posts-inner {margin: 0 0 2em 2em; }<\/style><section id=\"wpsp-2256\" class=\" wp-show-posts-columns wp-show-posts\" style=\"\"><article class=\" wp-show-posts-single post-2104 post type-post status-publish format-standard has-post-thumbnail hentry category-solid-staron wpsp-col-4\" itemtype=\"http:\/\/schema.org\/CreativeWork\" itemscope><div class=\"wp-show-posts-inner\" style=\"\">\t\t<div class=\"wp-show-posts-image  wpsp-image-center \">\n\t\t\t<a href=\"https:\/\/www.cosmokenzai.jp\/products\/staron\/solid-staron\/st023_steel\/\"  title=\"STARON\u00ae\u30b9\u30bf\u30ed\u30f3 Steel \u30b9\u30c1\u30fc\u30eb ST023\"><img width=\"300\" height=\"300\" src=\"https:\/\/www.cosmokenzai.jp\/products\/wp-content\/uploads\/2025\/02\/STARON_SOLID_ST023_Steel.jpg\" class=\"attachment-full size-full wp-post-image\" alt=\"STARON_SOLID_ST023_Steel\" loading=\"lazy\" itemprop=\"image\" srcset=\"https:\/\/www.cosmokenzai.jp\/products\/wp-content\/uploads\/2025\/02\/STARON_SOLID_ST023_Steel.jpg 300w, https:\/\/www.cosmokenzai.jp\/products\/wp-content\/uploads\/2025\/02\/STARON_SOLID_ST023_Steel-150x150.jpg 150w\" sizes=\"(max-width: 300px) 100vw, 300px\" \/><\/a>\t\t<\/div>\n\t\t\t\t\t\t\t\t<header class=\"wp-show-posts-entry-header\">\n\t\t\t\t\t\t\t<h2 class=\"wp-show-posts-entry-title\" itemprop=\"headline\"><a href=\"https:\/\/www.cosmokenzai.jp\/products\/staron\/solid-staron\/st023_steel\/\" rel=\"bookmark\">STARON\u00ae\u30b9\u30bf\u30ed\u30f3 Steel \u30b9\u30c1\u30fc\u30eb ST023<\/a><\/h2>\t\t\t\t\t\t<\/header><!-- .entry-header -->\n\t\t\t\t\t<\/div><!-- wp-show-posts-inner --><\/article><article class=\" wp-show-posts-single post-2114 post type-post status-publish format-standard has-post-thumbnail hentry category-solid-staron wpsp-col-4\" itemtype=\"http:\/\/schema.org\/CreativeWork\" itemscope><div class=\"wp-show-posts-inner\" style=\"\">\t\t<div class=\"wp-show-posts-image  wpsp-image-center \">\n\t\t\t<a href=\"https:\/\/www.cosmokenzai.jp\/products\/staron\/solid-staron\/sq019_quasar-white\/\"  title=\"STARON\u00ae\u30b9\u30bf\u30ed\u30f3 Quasar White \u30af\u30a9\u30fc\u30b5\u30fc\u30db\u30ef\u30a4\u30c8 SQ019\"><img width=\"300\" height=\"300\" src=\"https:\/\/www.cosmokenzai.jp\/products\/wp-content\/uploads\/2025\/02\/STARON_SOLID_SQ019_Quasar-White.jpg\" class=\"attachment-full size-full wp-post-image\" alt=\"STARON_SOLID_SQ019_Quasar-White\" loading=\"lazy\" itemprop=\"image\" srcset=\"https:\/\/www.cosmokenzai.jp\/products\/wp-content\/uploads\/2025\/02\/STARON_SOLID_SQ019_Quasar-White.jpg 300w, https:\/\/www.cosmokenzai.jp\/products\/wp-content\/uploads\/2025\/02\/STARON_SOLID_SQ019_Quasar-White-150x150.jpg 150w\" sizes=\"(max-width: 300px) 100vw, 300px\" \/><\/a>\t\t<\/div>\n\t\t\t\t\t\t\t\t<header class=\"wp-show-posts-entry-header\">\n\t\t\t\t\t\t\t<h2 class=\"wp-show-posts-entry-title\" itemprop=\"headline\"><a href=\"https:\/\/www.cosmokenzai.jp\/products\/staron\/solid-staron\/sq019_quasar-white\/\" rel=\"bookmark\">STARON\u00ae\u30b9\u30bf\u30ed\u30f3 Quasar White \u30af\u30a9\u30fc\u30b5\u30fc\u30db\u30ef\u30a4\u30c8 SQ019<\/a><\/h2>\t\t\t\t\t\t<\/header><!-- .entry-header -->\n\t\t\t\t\t<\/div><!-- wp-show-posts-inner --><\/article><article class=\" wp-show-posts-single post-2100 post type-post status-publish format-standard has-post-thumbnail hentry category-solid-staron wpsp-col-4\" itemtype=\"http:\/\/schema.org\/CreativeWork\" itemscope><div class=\"wp-show-posts-inner\" style=\"\">\t\t<div class=\"wp-show-posts-image  wpsp-image-center \">\n\t\t\t<a href=\"https:\/\/www.cosmokenzai.jp\/products\/staron\/solid-staron\/sp011_pearl\/\"  title=\"STARON\u00ae\u30b9\u30bf\u30ed\u30f3 Pearl \u30d1\u30fc\u30eb SP011\"><img width=\"300\" height=\"300\" src=\"https:\/\/www.cosmokenzai.jp\/products\/wp-content\/uploads\/2025\/02\/STARON_SOLID_SP011_Pearl.jpg\" class=\"attachment-full size-full wp-post-image\" alt=\"STARON_SOLID_SP011_Pearl\" loading=\"lazy\" itemprop=\"image\" srcset=\"https:\/\/www.cosmokenzai.jp\/products\/wp-content\/uploads\/2025\/02\/STARON_SOLID_SP011_Pearl.jpg 300w, https:\/\/www.cosmokenzai.jp\/products\/wp-content\/uploads\/2025\/02\/STARON_SOLID_SP011_Pearl-150x150.jpg 150w\" sizes=\"(max-width: 300px) 100vw, 300px\" \/><\/a>\t\t<\/div>\n\t\t\t\t\t\t\t\t<header class=\"wp-show-posts-entry-header\">\n\t\t\t\t\t\t\t<h2 class=\"wp-show-posts-entry-title\" itemprop=\"headline\"><a href=\"https:\/\/www.cosmokenzai.jp\/products\/staron\/solid-staron\/sp011_pearl\/\" rel=\"bookmark\">STARON\u00ae\u30b9\u30bf\u30ed\u30f3 Pearl \u30d1\u30fc\u30eb SP011<\/a><\/h2>\t\t\t\t\t\t<\/header><!-- .entry-header -->\n\t\t\t\t\t<\/div><!-- wp-show-posts-inner --><\/article><article class=\" wp-show-posts-single post-2097 post type-post status-publish format-standard has-post-thumbnail hentry category-solid-staron wpsp-col-4\" itemtype=\"http:\/\/schema.org\/CreativeWork\" itemscope><div class=\"wp-show-posts-inner\" style=\"\">\t\t<div class=\"wp-show-posts-image  wpsp-image-center \">\n\t\t\t<a href=\"https:\/\/www.cosmokenzai.jp\/products\/staron\/solid-staron\/on095_onyx\/\"  title=\"STARON\u00ae\u30b9\u30bf\u30ed\u30f3 Onyx \u30aa\u30cb\u30c3\u30af\u30b9 ON095\"><img width=\"300\" height=\"300\" src=\"https:\/\/www.cosmokenzai.jp\/products\/wp-content\/uploads\/2025\/02\/STARON_SOLID_ON095_Onyx.jpg\" class=\"attachment-full size-full wp-post-image\" alt=\"STARON_SOLID_ON095_Onyx\" loading=\"lazy\" itemprop=\"image\" srcset=\"https:\/\/www.cosmokenzai.jp\/products\/wp-content\/uploads\/2025\/02\/STARON_SOLID_ON095_Onyx.jpg 300w, https:\/\/www.cosmokenzai.jp\/products\/wp-content\/uploads\/2025\/02\/STARON_SOLID_ON095_Onyx-150x150.jpg 150w\" sizes=\"(max-width: 300px) 100vw, 300px\" \/><\/a>\t\t<\/div>\n\t\t\t\t\t\t\t\t<header class=\"wp-show-posts-entry-header\">\n\t\t\t\t\t\t\t<h2 class=\"wp-show-posts-entry-title\" itemprop=\"headline\"><a href=\"https:\/\/www.cosmokenzai.jp\/products\/staron\/solid-staron\/on095_onyx\/\" rel=\"bookmark\">STARON\u00ae\u30b9\u30bf\u30ed\u30f3 Onyx \u30aa\u30cb\u30c3\u30af\u30b9 ON095<\/a><\/h2>\t\t\t\t\t\t<\/header><!-- .entry-header -->\n\t\t\t\t\t<\/div><!-- wp-show-posts-inner --><\/article><article class=\" wp-show-posts-single post-2094 post type-post status-publish format-standard has-post-thumbnail hentry category-solid-staron wpsp-col-4\" itemtype=\"http:\/\/schema.org\/CreativeWork\" itemscope><div class=\"wp-show-posts-inner\" style=\"\">\t\t<div class=\"wp-show-posts-image  wpsp-image-center \">\n\t\t\t<a href=\"https:\/\/www.cosmokenzai.jp\/products\/staron\/solid-staron\/sv041_natural\/\"  title=\"STARON\u00ae\u30b9\u30bf\u30ed\u30f3 Natural \u30ca\u30c1\u30e5\u30e9\u30eb SV041\"><img width=\"300\" height=\"300\" src=\"https:\/\/www.cosmokenzai.jp\/products\/wp-content\/uploads\/2025\/02\/STARON_SOLID_SV041_Natural.jpg\" class=\"attachment-full size-full wp-post-image\" alt=\"STARON_SOLID_SV041_Natural\" loading=\"lazy\" itemprop=\"image\" srcset=\"https:\/\/www.cosmokenzai.jp\/products\/wp-content\/uploads\/2025\/02\/STARON_SOLID_SV041_Natural.jpg 300w, https:\/\/www.cosmokenzai.jp\/products\/wp-content\/uploads\/2025\/02\/STARON_SOLID_SV041_Natural-150x150.jpg 150w\" sizes=\"(max-width: 300px) 100vw, 300px\" \/><\/a>\t\t<\/div>\n\t\t\t\t\t\t\t\t<header class=\"wp-show-posts-entry-header\">\n\t\t\t\t\t\t\t<h2 class=\"wp-show-posts-entry-title\" itemprop=\"headline\"><a href=\"https:\/\/www.cosmokenzai.jp\/products\/staron\/solid-staron\/sv041_natural\/\" rel=\"bookmark\">STARON\u00ae\u30b9\u30bf\u30ed\u30f3 Natural \u30ca\u30c1\u30e5\u30e9\u30eb SV041<\/a><\/h2>\t\t\t\t\t\t<\/header><!-- .entry-header -->\n\t\t\t\t\t<\/div><!-- wp-show-posts-inner --><\/article><article class=\" wp-show-posts-single post-2088 post type-post status-publish format-standard has-post-thumbnail hentry category-solid-staron wpsp-col-4\" itemtype=\"http:\/\/schema.org\/CreativeWork\" itemscope><div class=\"wp-show-posts-inner\" style=\"\">\t\t<div class=\"wp-show-posts-image  wpsp-image-center \">\n\t\t\t<a href=\"https:\/\/www.cosmokenzai.jp\/products\/staron\/solid-staron\/si040_ivory\/\"  title=\"STARON\u00ae\u30b9\u30bf\u30ed\u30f3 Ivory \u30a2\u30a4\u30dc\u30ea\u30fc SI040\"><img width=\"300\" height=\"300\" src=\"https:\/\/www.cosmokenzai.jp\/products\/wp-content\/uploads\/2025\/02\/STARON_SOLID_SI040_Ivory.jpg\" class=\"attachment-full size-full wp-post-image\" alt=\"STARON_SOLID_SI040_Ivory\" loading=\"lazy\" itemprop=\"image\" srcset=\"https:\/\/www.cosmokenzai.jp\/products\/wp-content\/uploads\/2025\/02\/STARON_SOLID_SI040_Ivory.jpg 300w, https:\/\/www.cosmokenzai.jp\/products\/wp-content\/uploads\/2025\/02\/STARON_SOLID_SI040_Ivory-150x150.jpg 150w\" sizes=\"(max-width: 300px) 100vw, 300px\" \/><\/a>\t\t<\/div>\n\t\t\t\t\t\t\t\t<header class=\"wp-show-posts-entry-header\">\n\t\t\t\t\t\t\t<h2 class=\"wp-show-posts-entry-title\" itemprop=\"headline\"><a href=\"https:\/\/www.cosmokenzai.jp\/products\/staron\/solid-staron\/si040_ivory\/\" rel=\"bookmark\">STARON\u00ae\u30b9\u30bf\u30ed\u30f3 Ivory \u30a2\u30a4\u30dc\u30ea\u30fc SI040<\/a><\/h2>\t\t\t\t\t\t<\/header><!-- .entry-header -->\n\t\t\t\t\t<\/div><!-- wp-show-posts-inner --><\/article><article class=\" wp-show-posts-single post-2111 post type-post status-publish format-standard has-post-thumbnail hentry category-solid-staron wpsp-col-4\" itemtype=\"http:\/\/schema.org\/CreativeWork\" itemscope><div class=\"wp-show-posts-inner\" style=\"\">\t\t<div class=\"wp-show-posts-image  wpsp-image-center \">\n\t\t\t<a href=\"https:\/\/www.cosmokenzai.jp\/products\/staron\/solid-staron\/sf020_fog\/\"  title=\"STARON\u00ae\u30b9\u30bf\u30ed\u30f3 Fog \u30d5\u30a9\u30b0 SF020\"><img width=\"300\" height=\"300\" src=\"https:\/\/www.cosmokenzai.jp\/products\/wp-content\/uploads\/2025\/02\/STARON_SOLID_SF020_Fog.jpg\" class=\"attachment-full size-full wp-post-image\" alt=\"STARON_SOLID_SF020_Fog\" loading=\"lazy\" itemprop=\"image\" srcset=\"https:\/\/www.cosmokenzai.jp\/products\/wp-content\/uploads\/2025\/02\/STARON_SOLID_SF020_Fog.jpg 300w, https:\/\/www.cosmokenzai.jp\/products\/wp-content\/uploads\/2025\/02\/STARON_SOLID_SF020_Fog-150x150.jpg 150w\" sizes=\"(max-width: 300px) 100vw, 300px\" \/><\/a>\t\t<\/div>\n\t\t\t\t\t\t\t\t<header class=\"wp-show-posts-entry-header\">\n\t\t\t\t\t\t\t<h2 class=\"wp-show-posts-entry-title\" itemprop=\"headline\"><a href=\"https:\/\/www.cosmokenzai.jp\/products\/staron\/solid-staron\/sf020_fog\/\" rel=\"bookmark\">STARON\u00ae\u30b9\u30bf\u30ed\u30f3 Fog \u30d5\u30a9\u30b0 SF020<\/a><\/h2>\t\t\t\t\t\t<\/header><!-- .entry-header -->\n\t\t\t\t\t<\/div><!-- wp-show-posts-inner --><\/article><article class=\" wp-show-posts-single post-2091 post type-post status-publish format-standard has-post-thumbnail hentry category-solid-staron wpsp-col-4\" itemtype=\"http:\/\/schema.org\/CreativeWork\" itemscope><div class=\"wp-show-posts-inner\" style=\"\">\t\t<div class=\"wp-show-posts-image  wpsp-image-center \">\n\t\t\t<a href=\"https:\/\/www.cosmokenzai.jp\/products\/staron\/solid-staron\/sd001_dazzling-white\/\"  title=\"STARON\u00ae\u30b9\u30bf\u30ed\u30f3 Dazzling White \u30c0\u30ba\u30ea\u30f3\u30b0\u30db\u30ef\u30a4\u30c8 SD001\"><img width=\"300\" height=\"300\" src=\"https:\/\/www.cosmokenzai.jp\/products\/wp-content\/uploads\/2025\/02\/STARON_SOLID_SD001_Dazzling-White.jpg\" class=\"attachment-full size-full wp-post-image\" alt=\"STARON_SOLID_SD001_Dazzling-White\" loading=\"lazy\" itemprop=\"image\" srcset=\"https:\/\/www.cosmokenzai.jp\/products\/wp-content\/uploads\/2025\/02\/STARON_SOLID_SD001_Dazzling-White.jpg 300w, https:\/\/www.cosmokenzai.jp\/products\/wp-content\/uploads\/2025\/02\/STARON_SOLID_SD001_Dazzling-White-150x150.jpg 150w\" sizes=\"(max-width: 300px) 100vw, 300px\" \/><\/a>\t\t<\/div>\n\t\t\t\t\t\t\t\t<header class=\"wp-show-posts-entry-header\">\n\t\t\t\t\t\t\t<h2 class=\"wp-show-posts-entry-title\" itemprop=\"headline\"><a href=\"https:\/\/www.cosmokenzai.jp\/products\/staron\/solid-staron\/sd001_dazzling-white\/\" rel=\"bookmark\">STARON\u00ae\u30b9\u30bf\u30ed\u30f3 Dazzling White \u30c0\u30ba\u30ea\u30f3\u30b0\u30db\u30ef\u30a4\u30c8 SD001<\/a><\/h2>\t\t\t\t\t\t<\/header><!-- .entry-header -->\n\t\t\t\t\t<\/div><!-- wp-show-posts-inner --><\/article><article class=\" wp-show-posts-single post-2107 post type-post status-publish format-standard has-post-thumbnail hentry category-solid-staron wpsp-col-4\" itemtype=\"http:\/\/schema.org\/CreativeWork\" itemscope><div class=\"wp-show-posts-inner\" style=\"\">\t\t<div class=\"wp-show-posts-image  wpsp-image-center \">\n\t\t\t<a href=\"https:\/\/www.cosmokenzai.jp\/products\/staron\/solid-staron\/bw010_bright-white\/\"  title=\"STARON\u00ae\u30b9\u30bf\u30ed\u30f3 Bright White \u30d6\u30e9\u30a4\u30c8\u30db\u30ef\u30a4\u30c8 BW010\"><img width=\"300\" height=\"300\" src=\"https:\/\/www.cosmokenzai.jp\/products\/wp-content\/uploads\/2025\/02\/STARON_SOLID_BW010_Bright-White.jpg\" class=\"attachment-full size-full wp-post-image\" alt=\"STARON_SOLID_BW010_Bright-White\" loading=\"lazy\" itemprop=\"image\" srcset=\"https:\/\/www.cosmokenzai.jp\/products\/wp-content\/uploads\/2025\/02\/STARON_SOLID_BW010_Bright-White.jpg 300w, https:\/\/www.cosmokenzai.jp\/products\/wp-content\/uploads\/2025\/02\/STARON_SOLID_BW010_Bright-White-150x150.jpg 150w\" sizes=\"(max-width: 300px) 100vw, 300px\" \/><\/a>\t\t<\/div>\n\t\t\t\t\t\t\t\t<header class=\"wp-show-posts-entry-header\">\n\t\t\t\t\t\t\t<h2 class=\"wp-show-posts-entry-title\" itemprop=\"headline\"><a href=\"https:\/\/www.cosmokenzai.jp\/products\/staron\/solid-staron\/bw010_bright-white\/\" rel=\"bookmark\">STARON\u00ae\u30b9\u30bf\u30ed\u30f3 Bright White \u30d6\u30e9\u30a4\u30c8\u30db\u30ef\u30a4\u30c8 BW010<\/a><\/h2>\t\t\t\t\t\t<\/header><!-- .entry-header -->\n\t\t\t\t\t<\/div><!-- wp-show-posts-inner --><\/article><div class=\"wpsp-clear\"><\/div><\/section><!-- .wp-show-posts -->\n","protected":false},"excerpt":{"rendered":"<p>STARON\u00ae \/ \u30b9\u30bf\u30ed\u30f3\u00ae Solid \u30bd\u30ea\u30c3\u30c9\u30b5\u30a4\u30ba\uff1a\u539a\u3055\u00d7\u9577\u3055\uff08\u5dfe\u306f760\u5171\u901a\uff09mm12\u00d7368012 [&hellip;]<\/p>\n","protected":false},"author":1,"featured_media":0,"parent":0,"menu_order":0,"comment_status":"closed","ping_status":"closed","template":"","meta":[],"categories":[60],"tags":[],"_links":{"self":[{"href":"https:\/\/www.cosmokenzai.jp\/products\/wp-json\/wp\/v2\/pages\/2295"}],"collection":[{"href":"https:\/\/www.cosmokenzai.jp\/products\/wp-json\/wp\/v2\/pages"}],"about":[{"href":"https:\/\/www.cosmokenzai.jp\/products\/wp-json\/wp\/v2\/types\/page"}],"author":[{"embeddable":true,"href":"https:\/\/www.cosmokenzai.jp\/products\/wp-json\/wp\/v2\/users\/1"}],"replies":[{"embeddable":true,"href":"https:\/\/www.cosmokenzai.jp\/products\/wp-json\/wp\/v2\/comments?post=2295"}],"version-history":[{"count":4,"href":"https:\/\/www.cosmokenzai.jp\/products\/wp-json\/wp\/v2\/pages\/2295\/revisions"}],"predecessor-version":[{"id":2320,"href":"https:\/\/www.cosmokenzai.jp\/products\/wp-json\/wp\/v2\/pages\/2295\/revisions\/2320"}],"wp:attachment":[{"href":"https:\/\/www.cosmokenzai.jp\/products\/wp-json\/wp\/v2\/media?parent=2295"}],"wp:term":[{"taxonomy":"category","embeddable":true,"href":"https:\/\/www.cosmokenzai.jp\/products\/wp-json\/wp\/v2\/categories?post=2295"},{"taxonomy":"post_tag","embeddable":true,"href":"https:\/\/www.cosmokenzai.jp\/products\/wp-json\/wp\/v2\/tags?post=2295"}],"curies":[{"name":"wp","href":"https:\/\/api.w.org\/{rel}","templated":true}]}}